{"id":399,"date":"2019-07-22T10:23:10","date_gmt":"2019-07-22T08:23:10","guid":{"rendered":"http:\/\/dlahutnikow.pl\/?page_id=399"},"modified":"2023-01-10T12:18:56","modified_gmt":"2023-01-10T11:18:56","slug":"fartuchy-metalizowane-2","status":"publish","type":"page","link":"https:\/\/dlahutnikow.pl\/index.php\/odziez-metalizowana-rekawice-zaroodporne\/ubrania-zaroodporne\/fartuchy-metalizowane-2\/","title":{"rendered":"Fartuchy metalizowane"},"content":{"rendered":"\n<div class=\"wp-block-columns has-2-columns is-layout-flex wp-container-core-columns-is-layout-9d6595d7 wp-block-columns-is-layout-flex\"><div class=\"wp-block-column\">\n<p><!--EndFragment--><\/p>\n<p>Fartuchy ochronne \u017caroodporne metalizowane stanowi\u0105 ochron\u0119 przedniej cz\u0119\u015bci tu\u0142owia przed czynnikami gor\u0105cymi, takimi jak: promieniowanie konwekcyjne, promieniowanie cieplne, odpryski stopionych metali (mi\u0119dzy innymi aluminium i stali).<br \/>Znajduj\u0105 zastosowanie w odlewniach, hutach stali, hutach aluminium, hutach szk\u0142a.<br \/>Szycie: nici aramidowe<br \/>Wymiary: 70\u00d7100 cm, 70\u00d7120 cm<\/p>\n<p>Gramatura: 475 g\/m\u00b2<br \/>Materia\u0142: metalizowany aramid.<br \/>Norma: EN ISO 11612 A1 B1 C3 D3 E3 F1<\/p>\n<p><br \/><br \/><\/p>\n<\/div>\n\n<div class=\"wp-block-column is-layout-flow wp-block-column-is-layout-flow\">\n\n<div class=\"wp-block-image\"><figure class=\"aligncenter\"><img loading=\"lazy\" decoding=\"async\" width=\"216\" height=\"452\" src=\"http:\/\/dlahutnikow.pl\/wp-content\/uploads\/2019\/02\/08K.jpg\" alt=\"Fartuch chroni\u0105cy przed wysok\u0105 temperatur\u0105\" class=\"wp-image-148\" srcset=\"https:\/\/dlahutnikow.pl\/wp-content\/uploads\/2019\/02\/08K.jpg 216w, https:\/\/dlahutnikow.pl\/wp-content\/uploads\/2019\/02\/08K-143x300.jpg 143w, https:\/\/dlahutnikow.pl\/wp-content\/uploads\/2019\/02\/08K-76x160.jpg 76w\" sizes=\"auto, (max-width: 216px) 100vw, 216px\" \/><\/figure><\/div>\n\n<\/div>\n\n<\/div>\n","protected":false},"excerpt":{"rendered":"","protected":false},"author":1,"featured_media":0,"parent":19,"menu_order":0,"comment_status":"closed","ping_status":"closed","template":"","meta":{"neve_meta_sidebar":"","neve_meta_container":"","neve_meta_enable_content_width":"","neve_meta_content_width":0,"neve_meta_title_alignment":"","neve_meta_author_avatar":"","neve_post_elements_order":"","neve_meta_disable_header":"","neve_meta_disable_footer":"","neve_meta_disable_title":"","footnotes":""},"class_list":["post-399","page","type-page","status-publish","hentry"],"aioseo_notices":[],"_links":{"self":[{"href":"https:\/\/dlahutnikow.pl\/index.php\/wp-json\/wp\/v2\/pages\/399","targetHints":{"allow":["GET"]}}],"collection":[{"href":"https:\/\/dlahutnikow.pl\/index.php\/wp-json\/wp\/v2\/pages"}],"about":[{"href":"https:\/\/dlahutnikow.pl\/index.php\/wp-json\/wp\/v2\/types\/page"}],"author":[{"embeddable":true,"href":"https:\/\/dlahutnikow.pl\/index.php\/wp-json\/wp\/v2\/users\/1"}],"replies":[{"embeddable":true,"href":"https:\/\/dlahutnikow.pl\/index.php\/wp-json\/wp\/v2\/comments?post=399"}],"version-history":[{"count":7,"href":"https:\/\/dlahutnikow.pl\/index.php\/wp-json\/wp\/v2\/pages\/399\/revisions"}],"predecessor-version":[{"id":733,"href":"https:\/\/dlahutnikow.pl\/index.php\/wp-json\/wp\/v2\/pages\/399\/revisions\/733"}],"up":[{"embeddable":true,"href":"https:\/\/dlahutnikow.pl\/index.php\/wp-json\/wp\/v2\/pages\/19"}],"wp:attachment":[{"href":"https:\/\/dlahutnikow.pl\/index.php\/wp-json\/wp\/v2\/media?parent=399"}],"curies":[{"name":"wp","href":"https:\/\/api.w.org\/{rel}","templated":true}]}}