{"id":539,"date":"2019-08-13T10:35:05","date_gmt":"2019-08-13T08:35:05","guid":{"rendered":"http:\/\/dlahutnikow.pl\/?page_id=539"},"modified":"2023-01-10T12:26:10","modified_gmt":"2023-01-10T11:26:10","slug":"bielizna-trudnopalna","status":"publish","type":"page","link":"https:\/\/dlahutnikow.pl\/index.php\/odziez-metalizowana-rekawice-zaroodporne\/ubrania-trudnopalne\/bielizna-trudnopalna\/","title":{"rendered":"Bielizna trudnopalna"},"content":{"rendered":"\n<h4 class=\"has-text-align-center wp-block-heading\" id=\"mce_0\"><br><\/h4>\n\n\n\n<p class=\"has-text-align-center\"><strong>Bielizna trudnopalna ma zastosowanie jako uzupe\u0142nienie ubrania metalizowanego lub ubrania trudnopalnego.<\/strong><\/p>\n\n\n\n<figure class=\"wp-block-table is-style-stripes\"><table><tbody><tr><td><strong> Podkoszulka z d\u0142ugim r\u0119kawem <\/strong><\/td><td><strong> Podkoszulka z kr\u00f3tkim r\u0119kawem  <\/strong><\/td><td><strong> Spodnie\/kalesony <\/strong><\/td><\/tr><tr><td>Podkoszulka wykonana z tkaniny trudnopalnej (55% modakryl, 43% wiskoza FR, 2% w\u0142\u00f3kno antystatyczne). <br> Kolor granatowy, gramatura 150 g\/m<sup>2<\/sup><br>Model z d\u0142ugimi r\u0119kawami zako\u0144czonymi \u015bci\u0105gaczami. <br> 2 warianty: <br>\u2022    wyci\u0119cie pod szyj\u0105, bez st\u00f3jki<br>\u2022   zapi\u0119cie na zamek, st\u00f3jka<\/td><td>Podkoszulka wykonana z tkaniny trudnopalnej (55% modakryl, 43% wiskoza FR, 2% w\u0142\u00f3kno antystatyczne). <br>Kolor granatowy, gramatura 150 g\/m<sup>2<\/sup><\/td><td>Spodnie z tkaniny trudnopalnej (55% modakryl, 43% wiskoza FR, 2% w\u0142\u00f3kno antystatyczne). <br>Kolor granatowy, gramatura 150 g\/m<sup>2<\/sup><br>Elastyczny pas, \u015bci\u0105gacze na ko\u0144cach nogawek. <br><\/td><\/tr><\/tbody><\/table><\/figure>\n\n\n<div class=\"wp-block-image\">\n<figure class=\"aligncenter is-resized\"><img loading=\"lazy\" decoding=\"async\" src=\"http:\/\/dlahutnikow.pl\/wp-content\/uploads\/2019\/07\/sml28-417x1024.jpg\" alt=\"\" class=\"wp-image-442\" width=\"231\" height=\"567\" srcset=\"https:\/\/dlahutnikow.pl\/wp-content\/uploads\/2019\/07\/sml28-417x1024.jpg 417w, https:\/\/dlahutnikow.pl\/wp-content\/uploads\/2019\/07\/sml28-122x300.jpg 122w, https:\/\/dlahutnikow.pl\/wp-content\/uploads\/2019\/07\/sml28-768x1886.jpg 768w, https:\/\/dlahutnikow.pl\/wp-content\/uploads\/2019\/07\/sml28-244x600.jpg 244w, https:\/\/dlahutnikow.pl\/wp-content\/uploads\/2019\/07\/sml28-65x160.jpg 65w, https:\/\/dlahutnikow.pl\/wp-content\/uploads\/2019\/07\/sml28.jpg 800w\" sizes=\"auto, (max-width: 231px) 100vw, 231px\" \/><\/figure>\n<\/div>","protected":false},"excerpt":{"rendered":"<p>Bielizna trudnopalna ma zastosowanie jako uzupe\u0142nienie ubrania metalizowanego lub ubrania trudnopalnego. Podkoszulka z d\u0142ugim r\u0119kawem Podkoszulka z kr\u00f3tkim r\u0119kawem Spodnie\/kalesony Podkoszulka wykonana z tkaniny trudnopalnej (55% modakryl, 43% wiskoza FR, 2% w\u0142\u00f3kno antystatyczne). Kolor granatowy, gramatura 150 g\/m2Model z d\u0142ugimi r\u0119kawami zako\u0144czonymi \u015bci\u0105gaczami. 2 warianty: \u2022 wyci\u0119cie pod szyj\u0105, bez st\u00f3jki\u2022 zapi\u0119cie na zamek, st\u00f3jka&hellip;&nbsp;<a href=\"https:\/\/dlahutnikow.pl\/index.php\/odziez-metalizowana-rekawice-zaroodporne\/ubrania-trudnopalne\/bielizna-trudnopalna\/\" rel=\"bookmark\">Dowiedz si\u0119 wi\u0119cej &raquo;<span class=\"screen-reader-text\">Bielizna trudnopalna<\/span><\/a><\/p>\n","protected":false},"author":1,"featured_media":0,"parent":39,"menu_order":0,"comment_status":"closed","ping_status":"closed","template":"","meta":{"neve_meta_sidebar":"","neve_meta_container":"","neve_meta_enable_content_width":"","neve_meta_content_width":0,"neve_meta_title_alignment":"","neve_meta_author_avatar":"","neve_post_elements_order":"","neve_meta_disable_header":"","neve_meta_disable_footer":"","neve_meta_disable_title":"","footnotes":""},"class_list":["post-539","page","type-page","status-publish","hentry"],"aioseo_notices":[],"_links":{"self":[{"href":"https:\/\/dlahutnikow.pl\/index.php\/wp-json\/wp\/v2\/pages\/539","targetHints":{"allow":["GET"]}}],"collection":[{"href":"https:\/\/dlahutnikow.pl\/index.php\/wp-json\/wp\/v2\/pages"}],"about":[{"href":"https:\/\/dlahutnikow.pl\/index.php\/wp-json\/wp\/v2\/types\/page"}],"author":[{"embeddable":true,"href":"https:\/\/dlahutnikow.pl\/index.php\/wp-json\/wp\/v2\/users\/1"}],"replies":[{"embeddable":true,"href":"https:\/\/dlahutnikow.pl\/index.php\/wp-json\/wp\/v2\/comments?post=539"}],"version-history":[{"count":5,"href":"https:\/\/dlahutnikow.pl\/index.php\/wp-json\/wp\/v2\/pages\/539\/revisions"}],"predecessor-version":[{"id":738,"href":"https:\/\/dlahutnikow.pl\/index.php\/wp-json\/wp\/v2\/pages\/539\/revisions\/738"}],"up":[{"embeddable":true,"href":"https:\/\/dlahutnikow.pl\/index.php\/wp-json\/wp\/v2\/pages\/39"}],"wp:attachment":[{"href":"https:\/\/dlahutnikow.pl\/index.php\/wp-json\/wp\/v2\/media?parent=539"}],"curies":[{"name":"wp","href":"https:\/\/api.w.org\/{rel}","templated":true}]}}