{"id":568,"date":"2019-08-13T11:16:52","date_gmt":"2019-08-13T09:16:52","guid":{"rendered":"http:\/\/dlahutnikow.pl\/?page_id=568"},"modified":"2023-01-10T11:21:07","modified_gmt":"2023-01-10T10:21:07","slug":"ochrony-glowy","status":"publish","type":"page","link":"https:\/\/dlahutnikow.pl\/index.php\/ochrony-glowy\/","title":{"rendered":"Ochrony g\u0142owy"},"content":{"rendered":"\n<p>Ochrony g\u0142owy stosuje si\u0119 wsz\u0119dzie tam, gdzie wyst\u0119puj\u0105 zagro\u017cenia w postaci zimnych i  gor\u0105cych odprysk\u00f3w lub promieniowania podczerwonego. Szczeg\u00f3lnie  nara\u017ceni na ryzyko s\u0105 pracownicy hut stali, odlewni, hut aluminium, hut szk\u0142a, cynkowni i hartowni.<\/p>\n\n\n\n<p>W  naszej ofercie znajd\u0105 Pa\u0144stwo he\u0142my, os\u0142ony twarzy, os\u0142ony karku i  kominiarki, a wi\u0119c wszystkie ochrony g\u0142owy wymagane na stanowiskach, ze  szczeg\u00f3lnie trudnymi warunkami pracy.<\/p>\n\n\n\n<p><\/p>\n\n\n\n<div class=\"wp-block-columns has-2-columns is-layout-flex wp-container-core-columns-is-layout-9d6595d7 wp-block-columns-is-layout-flex\">\n<div class=\"wp-block-column is-layout-flow wp-block-column-is-layout-flow\"><div class=\"wp-block-image\">\n<figure class=\"aligncenter\"><img loading=\"lazy\" decoding=\"async\" width=\"1024\" height=\"737\" src=\"http:\/\/dlahutnikow.pl\/wp-content\/uploads\/2019\/08\/Os\u0142ona-z\u0142ota2-1024x737.jpg\" alt=\"\" class=\"wp-image-470\" srcset=\"https:\/\/dlahutnikow.pl\/wp-content\/uploads\/2019\/08\/Os\u0142ona-z\u0142ota2.jpg 1024w, https:\/\/dlahutnikow.pl\/wp-content\/uploads\/2019\/08\/Os\u0142ona-z\u0142ota2-300x216.jpg 300w, https:\/\/dlahutnikow.pl\/wp-content\/uploads\/2019\/08\/Os\u0142ona-z\u0142ota2-768x553.jpg 768w, https:\/\/dlahutnikow.pl\/wp-content\/uploads\/2019\/08\/Os\u0142ona-z\u0142ota2-600x432.jpg 600w, https:\/\/dlahutnikow.pl\/wp-content\/uploads\/2019\/08\/Os\u0142ona-z\u0142ota2-222x160.jpg 222w\" sizes=\"auto, (max-width: 1024px) 100vw, 1024px\" \/><\/figure>\n<\/div><\/div>\n\n\n\n<div class=\"wp-block-column is-layout-flow wp-block-column-is-layout-flow\"><div class=\"wp-block-image\">\n<figure class=\"aligncenter is-resized\"><img loading=\"lazy\" decoding=\"async\" src=\"http:\/\/dlahutnikow.pl\/wp-content\/uploads\/2019\/02\/Kominiarka-trudnopalna.jpg\" alt=\"Kominiarka dla hutnik\u00f3w\" class=\"wp-image-159\" width=\"236\" height=\"358\" srcset=\"https:\/\/dlahutnikow.pl\/wp-content\/uploads\/2019\/02\/Kominiarka-trudnopalna.jpg 480w, https:\/\/dlahutnikow.pl\/wp-content\/uploads\/2019\/02\/Kominiarka-trudnopalna-197x300.jpg 197w, https:\/\/dlahutnikow.pl\/wp-content\/uploads\/2019\/02\/Kominiarka-trudnopalna-395x600.jpg 395w, https:\/\/dlahutnikow.pl\/wp-content\/uploads\/2019\/02\/Kominiarka-trudnopalna-105x160.jpg 105w\" sizes=\"auto, (max-width: 236px) 100vw, 236px\" \/><\/figure>\n<\/div><\/div>\n<\/div>\n","protected":false},"excerpt":{"rendered":"<p>Ochrony g\u0142owy stosuje si\u0119 wsz\u0119dzie tam, gdzie wyst\u0119puj\u0105 zagro\u017cenia w postaci zimnych i gor\u0105cych odprysk\u00f3w lub promieniowania podczerwonego. Szczeg\u00f3lnie nara\u017ceni na ryzyko s\u0105 pracownicy hut stali, odlewni, hut aluminium, hut szk\u0142a, cynkowni i hartowni. W naszej ofercie znajd\u0105 Pa\u0144stwo he\u0142my, os\u0142ony twarzy, os\u0142ony karku i kominiarki, a wi\u0119c wszystkie ochrony g\u0142owy wymagane na stanowiskach, ze&hellip;&nbsp;<a href=\"https:\/\/dlahutnikow.pl\/index.php\/ochrony-glowy\/\" rel=\"bookmark\">Dowiedz si\u0119 wi\u0119cej &raquo;<span class=\"screen-reader-text\">Ochrony g\u0142owy<\/span><\/a><\/p>\n","protected":false},"author":1,"featured_media":0,"parent":0,"menu_order":0,"comment_status":"closed","ping_status":"closed","template":"","meta":{"neve_meta_sidebar":"","neve_meta_container":"","neve_meta_enable_content_width":"","neve_meta_content_width":0,"neve_meta_title_alignment":"","neve_meta_author_avatar":"","neve_post_elements_order":"","neve_meta_disable_header":"","neve_meta_disable_footer":"","neve_meta_disable_title":"","footnotes":""},"class_list":["post-568","page","type-page","status-publish","hentry"],"aioseo_notices":[],"_links":{"self":[{"href":"https:\/\/dlahutnikow.pl\/index.php\/wp-json\/wp\/v2\/pages\/568","targetHints":{"allow":["GET"]}}],"collection":[{"href":"https:\/\/dlahutnikow.pl\/index.php\/wp-json\/wp\/v2\/pages"}],"about":[{"href":"https:\/\/dlahutnikow.pl\/index.php\/wp-json\/wp\/v2\/types\/page"}],"author":[{"embeddable":true,"href":"https:\/\/dlahutnikow.pl\/index.php\/wp-json\/wp\/v2\/users\/1"}],"replies":[{"embeddable":true,"href":"https:\/\/dlahutnikow.pl\/index.php\/wp-json\/wp\/v2\/comments?post=568"}],"version-history":[{"count":8,"href":"https:\/\/dlahutnikow.pl\/index.php\/wp-json\/wp\/v2\/pages\/568\/revisions"}],"predecessor-version":[{"id":718,"href":"https:\/\/dlahutnikow.pl\/index.php\/wp-json\/wp\/v2\/pages\/568\/revisions\/718"}],"wp:attachment":[{"href":"https:\/\/dlahutnikow.pl\/index.php\/wp-json\/wp\/v2\/media?parent=568"}],"curies":[{"name":"wp","href":"https:\/\/api.w.org\/{rel}","templated":true}]}}