{"id":574,"date":"2019-08-13T11:17:50","date_gmt":"2019-08-13T09:17:50","guid":{"rendered":"http:\/\/dlahutnikow.pl\/?page_id=574"},"modified":"2023-01-10T11:43:55","modified_gmt":"2023-01-10T10:43:55","slug":"kominiarki-trudnopalne","status":"publish","type":"page","link":"https:\/\/dlahutnikow.pl\/index.php\/ochrony-glowy\/kominiarki-trudnopalne\/","title":{"rendered":"Kominiarki trudnopalne"},"content":{"rendered":"\n<h3 class=\"wp-block-heading\">Kominiarka trudnopalna antystatyczna <\/h3>\n\n\n\n<div class=\"wp-block-columns has-2-columns is-layout-flex wp-container-core-columns-is-layout-9d6595d7 wp-block-columns-is-layout-flex\">\n<div class=\"wp-block-column is-layout-flow wp-block-column-is-layout-flow\">\n<figure class=\"wp-block-image\"><img loading=\"lazy\" decoding=\"async\" width=\"480\" height=\"730\" src=\"http:\/\/dlahutnikow.pl\/wp-content\/uploads\/2019\/02\/Kominiarka-trudnopalna.jpg\" alt=\"Kominiarka dla hutnik\u00f3w\" class=\"wp-image-159\" srcset=\"https:\/\/dlahutnikow.pl\/wp-content\/uploads\/2019\/02\/Kominiarka-trudnopalna.jpg 480w, https:\/\/dlahutnikow.pl\/wp-content\/uploads\/2019\/02\/Kominiarka-trudnopalna-197x300.jpg 197w, https:\/\/dlahutnikow.pl\/wp-content\/uploads\/2019\/02\/Kominiarka-trudnopalna-395x600.jpg 395w, https:\/\/dlahutnikow.pl\/wp-content\/uploads\/2019\/02\/Kominiarka-trudnopalna-105x160.jpg 105w\" sizes=\"auto, (max-width: 480px) 100vw, 480px\" \/><\/figure>\n<\/div>\n\n\n\n<div class=\"wp-block-column is-layout-flow wp-block-column-is-layout-flow\">\n<p>Kominiarki trudnopalne zapewniaj\u0105 zabezpieczenie przed czynnikami gor\u0105cymi, przed dzia\u0142aniem wysokiej temperatury i promieniowania cieplnego. Stanowi\u0105 doskona\u0142e uzupe\u0142nienie he\u0142mu ochronnego b\u0105d\u017a zestawu he\u0142mu z os\u0142on\u0105. Znajduj\u0105  zastosowanie w hutach stali, odlewniach \u017celiwa, odlewniach aluminium, koksowniach, ku\u017aniach, hartowniach, hutach szk\u0142a. Poniewa\u017c zawieraj\u0105 w\u0142\u00f3kno antystatyczne, doskonale nadaj\u0105 si\u0119 dla spawaczy i s\u0142u\u017cb  utrzymania ruchu.<\/p>\n\n\n\n<p>Materia\u0142: 55% modakryl, 43% wiskoza FR, 2% w\u0142\u00f3kno antystatyczne<\/p>\n\n\n\n<p>Gramatura: 150 g\/m<sup>2<\/sup><\/p>\n\n\n\n<p>Kolor: granatowy<\/p>\n\n\n\n<p>Rozmiary: uniwersalny<\/p>\n\n\n\n<p>Normy:<\/p>\n\n\n\n<p>EN ISO 11612:2015 A1 B1 C1<\/p>\n\n\n\n<p>EN ISO 1149-5:2008<\/p>\n<\/div>\n<\/div>\n","protected":false},"excerpt":{"rendered":"<p>Kominiarka trudnopalna antystatyczna Kominiarki trudnopalne zapewniaj\u0105 zabezpieczenie przed czynnikami gor\u0105cymi, przed dzia\u0142aniem wysokiej temperatury i promieniowania cieplnego. Stanowi\u0105 doskona\u0142e uzupe\u0142nienie he\u0142mu ochronnego b\u0105d\u017a zestawu he\u0142mu z os\u0142on\u0105. Znajduj\u0105 zastosowanie w hutach stali, odlewniach \u017celiwa, odlewniach aluminium, koksowniach, ku\u017aniach, hartowniach, hutach szk\u0142a. Poniewa\u017c zawieraj\u0105 w\u0142\u00f3kno antystatyczne, doskonale nadaj\u0105 si\u0119 dla spawaczy i s\u0142u\u017cb utrzymania ruchu. Materia\u0142:&hellip;&nbsp;<a href=\"https:\/\/dlahutnikow.pl\/index.php\/ochrony-glowy\/kominiarki-trudnopalne\/\" rel=\"bookmark\">Dowiedz si\u0119 wi\u0119cej &raquo;<span class=\"screen-reader-text\">Kominiarki trudnopalne<\/span><\/a><\/p>\n","protected":false},"author":1,"featured_media":0,"parent":568,"menu_order":0,"comment_status":"closed","ping_status":"closed","template":"","meta":{"neve_meta_sidebar":"","neve_meta_container":"","neve_meta_enable_content_width":"","neve_meta_content_width":0,"neve_meta_title_alignment":"","neve_meta_author_avatar":"","neve_post_elements_order":"","neve_meta_disable_header":"","neve_meta_disable_footer":"","neve_meta_disable_title":"","footnotes":""},"class_list":["post-574","page","type-page","status-publish","hentry"],"aioseo_notices":[],"_links":{"self":[{"href":"https:\/\/dlahutnikow.pl\/index.php\/wp-json\/wp\/v2\/pages\/574","targetHints":{"allow":["GET"]}}],"collection":[{"href":"https:\/\/dlahutnikow.pl\/index.php\/wp-json\/wp\/v2\/pages"}],"about":[{"href":"https:\/\/dlahutnikow.pl\/index.php\/wp-json\/wp\/v2\/types\/page"}],"author":[{"embeddable":true,"href":"https:\/\/dlahutnikow.pl\/index.php\/wp-json\/wp\/v2\/users\/1"}],"replies":[{"embeddable":true,"href":"https:\/\/dlahutnikow.pl\/index.php\/wp-json\/wp\/v2\/comments?post=574"}],"version-history":[{"count":5,"href":"https:\/\/dlahutnikow.pl\/index.php\/wp-json\/wp\/v2\/pages\/574\/revisions"}],"predecessor-version":[{"id":724,"href":"https:\/\/dlahutnikow.pl\/index.php\/wp-json\/wp\/v2\/pages\/574\/revisions\/724"}],"up":[{"embeddable":true,"href":"https:\/\/dlahutnikow.pl\/index.php\/wp-json\/wp\/v2\/pages\/568"}],"wp:attachment":[{"href":"https:\/\/dlahutnikow.pl\/index.php\/wp-json\/wp\/v2\/media?parent=574"}],"curies":[{"name":"wp","href":"https:\/\/api.w.org\/{rel}","templated":true}]}}