{"id":769,"date":"2024-07-25T16:30:08","date_gmt":"2024-07-25T14:30:08","guid":{"rendered":"https:\/\/dlahutnikow.pl\/?page_id=769"},"modified":"2024-08-08T15:04:07","modified_gmt":"2024-08-08T13:04:07","slug":"kaptury-z-wymuszonym-obiegiem-powietrza","status":"publish","type":"page","link":"https:\/\/dlahutnikow.pl\/index.php\/kaptury-z-wymuszonym-obiegiem-powietrza\/","title":{"rendered":"Kaptury z wymuszonym obiegiem powietrza"},"content":{"rendered":"\n<div class=\"wp-block-columns is-layout-flex wp-container-core-columns-is-layout-9d6595d7 wp-block-columns-is-layout-flex\">\n<div class=\"wp-block-column is-layout-flow wp-block-column-is-layout-flow\" style=\"flex-basis:66.66%\">\n<p>Kaptury z wymuszonym obiegiem powietrza Z-Link to najbardziej wszechstronne, wielofunkcyjne nag\u0142owie oddechowe na rynku. Zaprojektowany tak, aby sprosta\u0107 trudnemu zastosowaniu przemys\u0142owemu. Z-Link zosta\u0142 opracowany z my\u015bl\u0105 o Twoim komforcie i funkcjonalno\u015bci, dzi\u0119ki czemu bez wzgl\u0119du na to, gdzie pracujesz, b\u0119dziesz chroniony.<br>Wyposa\u017cenie w komfortow\u0105 wy\u015bci\u00f3\u0142k\u0119 i doskona\u0142y system wi\u0119\u017aby he\u0142mu sprawia, \u017ce waga Z-Link jest r\u00f3wnomiernie roz\u0142o\u017cona, co \u0142agodzi b\u00f3le i nadwyr\u0119\u017cenia szyi, zwi\u0119kszaj\u0105c komfort. W pe\u0142ni regulowane nag\u0142owie zapewnia bezpieczne dopasowanie do ka\u017cdego rozmiaru g\u0142owy, maksymalizuj\u0105c stabilno\u015b\u0107 i zawsze pod\u0105\u017caj\u0105c za g\u0142ow\u0105 u\u017cytkownika. Nasza innowacyjna konstrukcja zapewnia wi\u0119kszy zakres ruch\u00f3w, dzi\u0119ki czemu mo\u017cesz skupi\u0107 si\u0119 na swojej pracy. Z-Link to wszystko, czego potrzebujesz.<\/p>\n\n\n\n<p>Zestaw Radiant Heat przekszta\u0142ca kaptur z wymuszonym obiegiem powietrza Z-Link w kompletny system ochronny do \u015brodowisk o wysokiej temperaturze. Korzystaj\u0105c z he\u0142mu Z-Link, do\u015bwiadcz niezr\u00f3wnanego komfortu, poniewa\u017c ciep\u0142o jest odbijane od Ciebie, a powietrze stale kr\u0105\u017cy wewn\u0105trz, dzi\u0119ki czemu mo\u017cesz d\u0142u\u017cej pracowa\u0107 bezpieczniej.<br>Zestaw Radiant Heat jest wyposa\u017cony w du\u017cy, pokryty z\u0142otem wizjer, kt\u00f3ry odbija ciep\u0142o od Ciebie, utrzymuj\u0105c nisk\u0105 temperatur\u0119 cia\u0142a, jednocze\u015bnie pozwalaj\u0105c Ci widzie\u0107 ca\u0142e otoczenie z bezkompromisowym polem widzenia.<br>Dzi\u0119ki ognioodpornym i odbijaj\u0105cym materia\u0142om chroni Ci\u0119 przed iskrami i rozbryzgami, zapewniaj\u0105c dodatkow\u0105 ulg\u0119 od ciep\u0142a.<\/p>\n\n\n\n<p><strong>Z-Link Radiant Heat jest certyfikowany zgodnie z poni\u017cszymi normami:<\/strong><\/p>\n\n\n\n<p>OCHRONA DR\u00d3G ODDECHOWYCH:<br><strong>EN14594:2005 3B<br>EN12941:1998 + A2:2008 TH3\/2\/1 P R SL<\/strong><\/p>\n\n\n\n<p>OCHRONA S\u0141UCHU:<br><strong>EN352-3:2002<\/strong><\/p>\n\n\n\n<p>OCHRONA G\u0141OWY:<br><strong>EN397:2012 + A1:2012<\/strong><\/p>\n\n\n\n<p>OCHRONA WZROKU I TWARZY:<br><strong>EN166:2001 CLASS 1 BT 9 3<\/strong><\/p>\n\n\n\n<p>Zalety:<br>Wizjer pokryty z\u0142otem odbija promieniowanie cieplne, minimalizuj\u0105c przenoszenie ciep\u0142a, zwi\u0119kszaj\u0105c komfort i jednocze\u015bnie zapewniaj\u0105c ochron\u0119 oczu.<br>Du\u017cy uchwyt do podnoszenia wizjera umo\u017cliwia u\u017cytkownikom \u0142atwe podnoszenie i opuszczanie wizjera w r\u0119kawicach.<br>Przep\u0142yw powietrza jest rozpraszany w strefie oddychania, a tak\u017ce na g\u0142ow\u0119, szyj\u0119 i cia\u0142o, aby wspom\u00f3c ch\u0142odzenie.<br>Przypinany wizjer nie wymaga narz\u0119dzi do \u0142atwego zdejmowania i wymiany.<br>Zabezpieczaj\u0105cy ko\u0142nierz zapewnia, \u017ce kaptur porusza si\u0119 razem z Tob\u0105, zapewniaj\u0105c wi\u0119kszy zakres ruch\u00f3w.<\/p>\n<\/div>\n\n\n\n<div class=\"wp-block-column is-layout-flow wp-block-column-is-layout-flow\" style=\"flex-basis:33.33%\">\n<figure class=\"wp-block-image size-full is-resized\"><img loading=\"lazy\" decoding=\"async\" width=\"528\" height=\"936\" src=\"https:\/\/dlahutnikow.pl\/wp-content\/uploads\/2024\/07\/Kaptur-i-ubranie-metalizowane.jpg\" alt=\"Kaptur metalizowany z doprowadzeniem powietrza\" class=\"wp-image-810\" style=\"width:293px;height:auto\" title=\"Kaptury z wymuszonym obiegiem powietrza\" srcset=\"https:\/\/dlahutnikow.pl\/wp-content\/uploads\/2024\/07\/Kaptur-i-ubranie-metalizowane.jpg 528w, https:\/\/dlahutnikow.pl\/wp-content\/uploads\/2024\/07\/Kaptur-i-ubranie-metalizowane-169x300.jpg 169w, https:\/\/dlahutnikow.pl\/wp-content\/uploads\/2024\/07\/Kaptur-i-ubranie-metalizowane-338x600.jpg 338w, https:\/\/dlahutnikow.pl\/wp-content\/uploads\/2024\/07\/Kaptur-i-ubranie-metalizowane-90x160.jpg 90w\" sizes=\"auto, (max-width: 528px) 100vw, 528px\" \/><\/figure>\n\n\n\n<figure class=\"wp-block-image size-full is-resized\"><img loading=\"lazy\" decoding=\"async\" width=\"1024\" height=\"992\" src=\"https:\/\/dlahutnikow.pl\/wp-content\/uploads\/2024\/07\/Kaptur-metalizowany-2m.jpg\" alt=\"Kaptury z wymuszonym obiegiem powietrza\" class=\"wp-image-811\" style=\"width:302px;height:auto\" srcset=\"https:\/\/dlahutnikow.pl\/wp-content\/uploads\/2024\/07\/Kaptur-metalizowany-2m.jpg 1024w, https:\/\/dlahutnikow.pl\/wp-content\/uploads\/2024\/07\/Kaptur-metalizowany-2m-300x291.jpg 300w, https:\/\/dlahutnikow.pl\/wp-content\/uploads\/2024\/07\/Kaptur-metalizowany-2m-768x744.jpg 768w, https:\/\/dlahutnikow.pl\/wp-content\/uploads\/2024\/07\/Kaptur-metalizowany-2m-600x581.jpg 600w, https:\/\/dlahutnikow.pl\/wp-content\/uploads\/2024\/07\/Kaptur-metalizowany-2m-165x160.jpg 165w\" sizes=\"auto, (max-width: 1024px) 100vw, 1024px\" \/><\/figure>\n<\/div>\n<\/div>\n","protected":false},"excerpt":{"rendered":"<p>Kaptury z wymuszonym obiegiem powietrza Z-Link to najbardziej wszechstronne, wielofunkcyjne nag\u0142owie oddechowe na rynku. Zaprojektowany tak, aby sprosta\u0107 trudnemu zastosowaniu przemys\u0142owemu. Z-Link zosta\u0142 opracowany z my\u015bl\u0105 o Twoim komforcie i funkcjonalno\u015bci, dzi\u0119ki czemu bez wzgl\u0119du na to, gdzie pracujesz, b\u0119dziesz chroniony.Wyposa\u017cenie w komfortow\u0105 wy\u015bci\u00f3\u0142k\u0119 i doskona\u0142y system wi\u0119\u017aby he\u0142mu sprawia, \u017ce waga Z-Link jest r\u00f3wnomiernie&hellip;&nbsp;<a href=\"https:\/\/dlahutnikow.pl\/index.php\/kaptury-z-wymuszonym-obiegiem-powietrza\/\" rel=\"bookmark\">Dowiedz si\u0119 wi\u0119cej &raquo;<span class=\"screen-reader-text\">Kaptury z wymuszonym obiegiem powietrza<\/span><\/a><\/p>\n","protected":false},"author":1,"featured_media":0,"parent":0,"menu_order":0,"comment_status":"closed","ping_status":"closed","template":"","meta":{"neve_meta_sidebar":"","neve_meta_container":"","neve_meta_enable_content_width":"","neve_meta_content_width":0,"neve_meta_title_alignment":"","neve_meta_author_avatar":"","neve_post_elements_order":"","neve_meta_disable_header":"","neve_meta_disable_footer":"","neve_meta_disable_title":"","footnotes":""},"class_list":["post-769","page","type-page","status-publish","hentry"],"aioseo_notices":[],"_links":{"self":[{"href":"https:\/\/dlahutnikow.pl\/index.php\/wp-json\/wp\/v2\/pages\/769","targetHints":{"allow":["GET"]}}],"collection":[{"href":"https:\/\/dlahutnikow.pl\/index.php\/wp-json\/wp\/v2\/pages"}],"about":[{"href":"https:\/\/dlahutnikow.pl\/index.php\/wp-json\/wp\/v2\/types\/page"}],"author":[{"embeddable":true,"href":"https:\/\/dlahutnikow.pl\/index.php\/wp-json\/wp\/v2\/users\/1"}],"replies":[{"embeddable":true,"href":"https:\/\/dlahutnikow.pl\/index.php\/wp-json\/wp\/v2\/comments?post=769"}],"version-history":[{"count":5,"href":"https:\/\/dlahutnikow.pl\/index.php\/wp-json\/wp\/v2\/pages\/769\/revisions"}],"predecessor-version":[{"id":820,"href":"https:\/\/dlahutnikow.pl\/index.php\/wp-json\/wp\/v2\/pages\/769\/revisions\/820"}],"wp:attachment":[{"href":"https:\/\/dlahutnikow.pl\/index.php\/wp-json\/wp\/v2\/media?parent=769"}],"curies":[{"name":"wp","href":"https:\/\/api.w.org\/{rel}","templated":true}]}}